{"id":221,"date":"2020-11-15T16:08:42","date_gmt":"2020-11-15T15:08:42","guid":{"rendered":"http:\/\/bth-artiste.com\/?page_id=221"},"modified":"2021-04-16T12:29:13","modified_gmt":"2021-04-16T10:29:13","slug":"serie-black-art","status":"publish","type":"page","link":"https:\/\/bth-artiste.com\/?page_id=221","title":{"rendered":"BLACK-ART"},"content":{"rendered":"\n<p>La s\u00e9rie BLACK-ART est une galerie de portraits qui utilise le noir comme un prisme. Cela nous \u00e9loigne de toutes id\u00e9es re\u00e7ues v\u00e9hicul\u00e9es par les couleurs et par la m\u00eame de changer notre regard sur elles. <br>Pour moi le noir symbolise l\u2019inconnu, l\u2019invisible et le myst\u00e8re. Tout ce qui existe commence par germer dans l\u2019obscurit\u00e9 avant d\u2019apparaitre \u00e0 la lumi\u00e8re, puis retourner dans le n\u00e9ant. Rien n\u2019\u00e9chappe \u00e0 ce cycle qui est tout \u00e0 la fois cr\u00e9ation, destruction, purification et r\u00e9g\u00e9n\u00e9ration. Le noir ne donne rien, il absorbe tout !<\/p>\n\n\n\n<hr class=\"wp-block-separator\"\/>\n\n\n\n<figure class=\"wp-block-image\"><img loading=\"lazy\" width=\"1022\" height=\"1024\" src=\"http:\/\/bth-artiste.com\/wp-content\/uploads\/2020\/11\/vincent-cassel-1022x1024.jpg\" alt=\"portrait de Vincent Cassel\" class=\"wp-image-230\" srcset=\"https:\/\/bth-artiste.com\/wp-content\/uploads\/2020\/11\/vincent-cassel-1022x1024.jpg 1022w, https:\/\/bth-artiste.com\/wp-content\/uploads\/2020\/11\/vincent-cassel-150x150.jpg 150w, https:\/\/bth-artiste.com\/wp-content\/uploads\/2020\/11\/vincent-cassel-300x300.jpg 300w, https:\/\/bth-artiste.com\/wp-content\/uploads\/2020\/11\/vincent-cassel-768x770.jpg 768w, https:\/\/bth-artiste.com\/wp-content\/uploads\/2020\/11\/vincent-cassel-100x100.jpg 100w, https:\/\/bth-artiste.com\/wp-content\/uploads\/2020\/11\/vincent-cassel.jpg 2042w\" sizes=\"(max-width: 767px) 89vw, (max-width: 1000px) 54vw, (max-width: 1071px) 543px, 580px\" \/><figcaption><strong>\u00ab\u00a0Vincent Cassel\u00a0\u00bb<\/strong> <\/figcaption><\/figure>\n\n\n\n<hr class=\"wp-block-separator\"\/>\n\n\n\n<figure class=\"wp-block-image\"><img loading=\"lazy\" width=\"1024\" height=\"1016\" src=\"http:\/\/bth-artiste.com\/wp-content\/uploads\/2020\/11\/joe-star-1-1024x1016.jpeg\" alt=\"portrait de Jo\u00e9 Star\" class=\"wp-image-228\" srcset=\"https:\/\/bth-artiste.com\/wp-content\/uploads\/2020\/11\/joe-star-1-1024x1016.jpeg 1024w, https:\/\/bth-artiste.com\/wp-content\/uploads\/2020\/11\/joe-star-1-150x150.jpeg 150w, https:\/\/bth-artiste.com\/wp-content\/uploads\/2020\/11\/joe-star-1-300x298.jpeg 300w, https:\/\/bth-artiste.com\/wp-content\/uploads\/2020\/11\/joe-star-1-768x762.jpeg 768w, https:\/\/bth-artiste.com\/wp-content\/uploads\/2020\/11\/joe-star-1-100x100.jpeg 100w\" sizes=\"(max-width: 767px) 89vw, (max-width: 1000px) 54vw, (max-width: 1071px) 543px, 580px\" \/><figcaption><strong>\u00ab\u00a0Joy Star\u00a0\u00bb<\/strong> <\/figcaption><\/figure>\n\n\n\n<hr class=\"wp-block-separator\"\/>\n\n\n\n<figure class=\"wp-block-image\"><img loading=\"lazy\" width=\"1018\" height=\"1024\" src=\"http:\/\/bth-artiste.com\/wp-content\/uploads\/2020\/11\/roschdy-zem-1018x1024.jpeg\" alt=\"portrait de Roschdy Zem\" class=\"wp-image-229\" srcset=\"https:\/\/bth-artiste.com\/wp-content\/uploads\/2020\/11\/roschdy-zem-1018x1024.jpeg 1018w, https:\/\/bth-artiste.com\/wp-content\/uploads\/2020\/11\/roschdy-zem-150x150.jpeg 150w, https:\/\/bth-artiste.com\/wp-content\/uploads\/2020\/11\/roschdy-zem-298x300.jpeg 298w, https:\/\/bth-artiste.com\/wp-content\/uploads\/2020\/11\/roschdy-zem-768x772.jpeg 768w, https:\/\/bth-artiste.com\/wp-content\/uploads\/2020\/11\/roschdy-zem-100x100.jpeg 100w\" sizes=\"(max-width: 767px) 89vw, (max-width: 1000px) 54vw, (max-width: 1071px) 543px, 580px\" \/><figcaption><strong>\u00ab\u00a0Roschdy-Zem\u00a0\u00bb<\/strong> <\/figcaption><\/figure>\n\n\n\n<hr class=\"wp-block-separator\"\/>\n\n\n\n<figure class=\"wp-block-image size-large\"><img loading=\"lazy\" width=\"974\" height=\"1024\" src=\"http:\/\/bth-artiste.com\/wp-content\/uploads\/2020\/12\/black-art-974x1024.jpg\" alt=\"\" class=\"wp-image-276\" srcset=\"https:\/\/bth-artiste.com\/wp-content\/uploads\/2020\/12\/black-art-974x1024.jpg 974w, https:\/\/bth-artiste.com\/wp-content\/uploads\/2020\/12\/black-art-285x300.jpg 285w, https:\/\/bth-artiste.com\/wp-content\/uploads\/2020\/12\/black-art-768x808.jpg 768w, https:\/\/bth-artiste.com\/wp-content\/uploads\/2020\/12\/black-art.jpg 1417w\" sizes=\"(max-width: 767px) 89vw, (max-width: 1000px) 54vw, (max-width: 1071px) 543px, 580px\" \/><figcaption><strong>\u00ab\u00a0Alain\u00a0\u00bb<\/strong> <\/figcaption><\/figure>\n","protected":false},"excerpt":{"rendered":"<p>La s\u00e9rie BLACK-ART est une galerie de portraits qui utilise le noir comme un prisme. Cela nous \u00e9loigne de toutes id\u00e9es re\u00e7ues v\u00e9hicul\u00e9es par les couleurs et par la m\u00eame de changer notre regard sur elles. Pour moi le noir symbolise l\u2019inconnu, l\u2019invisible et le myst\u00e8re. Tout ce qui existe commence par germer dans l\u2019obscurit\u00e9 &hellip; <\/p>\n<p class=\"link-more\"><a href=\"https:\/\/bth-artiste.com\/?page_id=221\" class=\"more-link\">Continuer la lecture<span class=\"screen-reader-text\"> de &laquo;&nbsp;BLACK-ART&nbsp;&raquo;<\/span><\/a><\/p>\n","protected":false},"author":1,"featured_media":0,"parent":0,"menu_order":0,"comment_status":"closed","ping_status":"closed","template":"","meta":[],"_links":{"self":[{"href":"https:\/\/bth-artiste.com\/index.php?rest_route=\/wp\/v2\/pages\/221"}],"collection":[{"href":"https:\/\/bth-artiste.com\/index.php?rest_route=\/wp\/v2\/pages"}],"about":[{"href":"https:\/\/bth-artiste.com\/index.php?rest_route=\/wp\/v2\/types\/page"}],"author":[{"embeddable":true,"href":"https:\/\/bth-artiste.com\/index.php?rest_route=\/wp\/v2\/users\/1"}],"replies":[{"embeddable":true,"href":"https:\/\/bth-artiste.com\/index.php?rest_route=%2Fwp%2Fv2%2Fcomments&post=221"}],"version-history":[{"count":8,"href":"https:\/\/bth-artiste.com\/index.php?rest_route=\/wp\/v2\/pages\/221\/revisions"}],"predecessor-version":[{"id":335,"href":"https:\/\/bth-artiste.com\/index.php?rest_route=\/wp\/v2\/pages\/221\/revisions\/335"}],"wp:attachment":[{"href":"https:\/\/bth-artiste.com\/index.php?rest_route=%2Fwp%2Fv2%2Fmedia&parent=221"}],"curies":[{"name":"wp","href":"https:\/\/api.w.org\/{rel}","templated":true}]}}